ate u(h).
-6
Suppose -3*x = 2*q, 4*q = 3*q. Suppose 3*l + x*l = 18. Suppose l = u + 1. Let c(w) = w**3 - 6*w**2 + 6*w. Determine c(u).
5
Let b(c) be the second derivative of 3*c**4/8 - 5*c**2/2 + 2*c. Let i(l) be the first derivative of b(l). Determine i(1).
9
Let x(l) = l**2 + 5*l + 1. Let m = -19 - -23. Suppose -4*f = -m*o - 12, o + 14 = -3*o + 2*f. Give x(o).
-3
Let y(d) = d**2 + 6*d + 2. Suppose 0 = l + 5*v + 21, 3*l - 2*v = -2*l - 24. Let g be y(l). Let k(t) = -3*t + 2*t + 6*t - 3. Determine k(g).
7
Let w(y) be the second derivative of y**5/5 - y**2/2 - 26*y. What is w(1)?
3
Let s(r) = 6*r**2 - 2*r + 1. Let z be s(1). Suppose z = i + 1, -o - 5 = -2*i. Let t(k) = -k**2 + 3*k + 1. Calculate t(o).
1
Let o(j) = -j**3 + 5*j**2 + j - 4. Let y(f) = f**3 + 11*f**2 + 5. Let z be y(-11). Give o(z).
1
Let s(h) = -h**2 + 14*h + 14. Let l(x) = 3*x**2 - 29*x - 28. Let g(r) = -2*l(r) - 5*s(r). What is g(-11)?
-3
Let y(b) = 3 - 3 - 4*b**2 - 3*b - b**3. Let c be 26/(-3) - 10/(-15). Let x be c/6*(-15)/(-10). Calculate y(x).
-2
Let a(m) = m - 4. Let n be ((-6)/4)/((-9)/(-12)). Let t be n - (-1 + (-2)/(-1)). What is a(t)?
-7
Suppose 0 = -3*f - 13 + 1. Let g be (0 - 1) + (-3 - f). Let n(j) = -2*j + g - 1 + 6. Give n(5).
-5
Let m be 4/12 - 16/(-6). Let f(u) = 1 + 3 - 5 + 6*u**m + u**2. What is f(1)?
6
Let s(p) = -1 - 7*p - 3*p - 1 + 12*p. Calculate s(2).
2
Let a(u) = -u**3 + 3*u**2 + 6*u - 3. Let n = -15 - -8. Suppose p + 5 = 0, 0 = -6*m + 5*m - 4*p - 9. Let c = m + n. Determine a(c).
5
Let z(i) be the second derivative of i**3/6 - i**2/2 + 4*i. Let f(r) = r**3 - 8*r**2 + 3. Let a be f(8). Determine z(a).
2
Let k(n) be the first derivative of -n**3/3 + 4*n + 4. Suppose -3*j + 4*j - 3 = 0. Calculate k(j).
-5
Suppose -4*i = -4*b + 8 + 4, -6 = -2*i - 4*b. Let j(m) = m**3 - m**2 - m - 1. Let a(h) = -10*h**3 + 4*h**2 + 4*h + 3. Let q(c) = a(c) + 4*j(c). What is q(i)?
5
Let y(s) = s - 4. Let v(x) = 1. Let a(t) = v(t) - y(t). Let n(f) = -2*f + 8. Let j(z) = -8*a(z) + 5*n(z). Let g be 1/2*(-5 - -3). Give j(g).
2
Let c(b) = 2*b + 4. Let d be (-20)/(-6)*(-6)/(-5). Give c(d).
12
Let i be -2*3/10*-5. Let s(l) = -2 + 2*l**i - 2*l**2 + 5*l**2 - 2*l**2 - l. Determine s(2).
16
Let k(s) = -2*s + 16. Let g be k(6). Let o(t) = t**2 - t + 5. Determine o(g).
17
Let p(v) = -v - 3. Let f = -3 + 3. Suppose -3 = i - w - 4, f = w - 2. Suppose j = -4, 3*h - i = -4*j - 7. Give p(h).
-7
Let b(w) = w**2 - w + 4. Let x = 51 + -71. Let i be 5/x + 34/8. What is b(i)?
16
Let o(n) = n. Let a(i) = 4*i**2 - 5*i + 1. Let k = 3 - 2. Let m(x) = -5*x**3 - 2*x + 1. Let z be m(k). Let f(p) = z*o(p) - a(p). What is f(-1)?
-4
Let f(l) = 4*l**3 - 5*l**2 - 5*l + 2. Let h be -10 + 8 + 1 + 0. Let y(s) = s**3 - s**2. Let z(p) = h*f(p) + 3*y(p). Let d be 2 - (0 - (0 + 1)). Calculate z(d).
4
Let p = 37 + -26. Let r = 6 - p. Let h(f) be the second derivative of -f**4/12 - f**3/2 + 3*f**2 + f. Calculate h(r).
-4
Suppose -5*f + 4*f = 1. Let o(j) = 3 + 5*j**2 + 41*j - 39*j - 2. Calculate o(f).
4
Suppose -5*m - 12 - 3 = 0. Let y(o) be the third derivative of o**4/12 + o**3/3 - o**2. Calculate y(m).
-4
Let j = 10 - 6. Suppose -l - 12 = -j*l. Let g(v) = -2*v + 3 + 2 - 1. What is g(l)?
-4
Let j(y) = -y**2 + 9*y - 9. Let w(q) = -q. Let b be w(-3). Suppose -v + 4 = -b. Give j(v).
5
Let v be 12/18 + 14/(-24). Let g(q) be the second derivative of -1/2*q**3 + 0 + v*q**4 + 3*q - 3/2*q**2. Determine g(5).
7
Let n be 1/(1*(-2)/(-14)). Let j(s) = -s**3 + 7*s**2 - 2*s + 6. Calculate j(n).
-8
Let q be (-1)/3 + (-3 - 32/(-6)). Let d(c) be the first derivative of -1/2*c**q - 8*c + 3. What is d(0)?
-8
Let r(p) = -p + 10. Let s be r(7). Let q(o) = -s + 5*o - o - o. Let k(l) = -l**3 + 2. Let z be k(0). What is q(z)?
3
Let p(r) be the third derivative of -r**2 + 0 + 0*r**4 + 1/6*r**3 + 1/20*r**5 + 0*r. Let i(k) be the first derivative of p(k). Calculate i(-1).
-6
Let u(q) be the first derivative of -1/3*q**3 + 2*q**2 + 5*q - 2. Let v be (2/(-3))/(8/(-60)). Determine u(v).
0
Let k(b) = b**3 - 10*b**2. Let t be k(10). Let w(s) = s**3 - 3*s**2 + s - 1. Let f be w(3). Let o(i) = -6 + i**3 + 0*i**3 - i**f + 0*i + i. Give o(t).
-6
Let s = -13 + 6. Let i be s - -3 - (0 + -1). Let g(h) = h**2 + 2*h - 3. Calculate g(i).
0
Suppose 2*a - 3*a = -9. Let t(z) = -9*z + 5*z - z**3 - 4 + a + 5*z**2. Give t(4).
5
Let h(g) = g**3 + 7*g**2 - 7*g + 10. Let z be h(-8). Let o be (-1 + z)/((-2)/6). Let u(v) = -2*v + 2. Determine u(o).
8
Let a(t) = -9*t + 5. Let h(r) = -10*r + 6. Let z(q) = 7*a(q) - 6*h(q). Give z(-2).
5
Let s(y) = -2*y**3 - 2*y**2 + 5*y + 2. Let f(g) = 3*g**3 + 5*g**2 - 9*g - 4. Let i(x) = 3*f(x) + 5*s(x). Determine i(3).
10
Suppose 0 = 4*m + 4*z - 40, -2*m = -z + 4*z - 24. Suppose m*s = s + 20. Let h(j) be the first derivative of -j**3/3 + 5*j**2/2 - 1. Determine h(s).
4
Let d(h) = 29 - 10 - 18 + h**2 + 5*h. Let r(x) = -x - 1. Let k(o) = d(o) - 3*r(o). Give k(-5).
-11
Let g(q) = -q + 3. Let w be g(0). Let r(u) = u**3 - 3*u**2 - 4*u + 2. Give r(w).
-10
Suppose 0 = 4*z - 10 - 10. Suppose 0 = 3*l - 2*c - 4, 0 = 5*l - 8*l + c + 5. Let r(i) = -2 - i - i**2 + l*i - 6*i + 2*i**2. Calculate r(z).
-2
Let k(t) = -t + 8. Let j be k(0). Let y(o) = o**3 + 4*o**2 - 3*o + 12. Let c be y(-5). Let d(s) = -s + 3*s**2 + s**2 - 3*s**c + j*s + 1. Determine d(-6).
-5
Let f = 13 + -13. Let d(i) be the third derivative of 1/20*i**5 + f + 2*i**2 + 1/8*i**4 + 1/2*i**3 + 0*i + 1/120*i**6. What is d(-2)?
1
Let k = 46 - 36. Let g(q) = -q**3 + 11*q**2 - 8*q - 13. Calculate g(k).
7
Let n(v) = v**2 - 4*v - 2. Let u(k) = -k**3 + 5. Let g be u(0). Let l be n(g). Let q(a) be the second derivative of a**4/12 - a**3/2 + a**2 - a. Give q(l).
2
Let p = -7 - -7. Let u be p - ((-12)/3)/(-1). Let i(b) = -3*b - 5. Give i(u).
7
Suppose 0 = 5*n - n - 16. Let k(f) = -15*f**2 + 27*f + 27. Let h(g) = 2*g**2 - 4*g - 4. Let x(r) = n*k(r) + 27*h(r). What is x(1)?
-6
Let m(r) = -6*r**3 - r**2 - r - 1. Suppose -4*z + 6 + 2 = 0. Suppose -z = -4*s - j, -1 = s - 4*j + 7. Let b be (s/(-1))/(-2) - 1. Calculate m(b).
5
Let y(l) = l**3 - 2*l**2 - 4*l + 3. Suppose -d = -2*d. Let h(r) = -9*r - 3. Let i be h(-2). Suppose d*f + i = 5*f. Determine y(f).
0
Suppose -2*q - 2*q = -4. Let w(o) = 7*o**2 + o + 2. Let k = -6 - -1. Let h(v) = 14*v**2 + 3*v + 5. Let r(d) = k*w(d) + 2*h(d). Calculate r(q).
-6
Let d(i) be the first derivative of 4*i + 3/2*i**2 - 1. Determine d(-3).
-5
Let f(b) = 7*b**2 - 3*b**2 - 6*b - 5*b**2 + 3 - 1. What is f(-4)?
10
Let l(r) = -r - 4. Let a(f) = -2*f - 8. Let u(c) = -4*a(c) + 9*l(c). Calculate u(-6).
2
Let b(i) be the second derivative of 1/6*i**3 + i + 0 + 1/6*i**4 - 1/2*i**2. Give b(-3).
14
Let b(c) = 0*c**2 + 3*c**2 + c + c**3 - 9 + 7. Let x(t) = -t**3 - 6*t**2 + 7*t - 3. Let v be x(-7). Calculate b(v).
-5
Let d be 10/8 - (-6)/8. Let s(l) = 3*l - 1. Give s(d).
5
Let q be (3/9)/((-1)/6). Let y(d) = -10*d**2 - 13*d - 13. Let n(i) = 7*i**2 + 9*i + 9. Let g(s) = 7*n(s) + 5*y(s). Determine g(q).
-2
Let o be 414/(-144) - (-1)/(-8). Let c(l) = l**3 + 4*l**2 + 4*l + 4. What is c(o)?
1
Let w(y) = y**2 - 6*y - 4. Let n be 13/2 + 5/(-10). Let b(o) = o**3 - 5*o**2 - 6*o + 6. Let d be b(n). Give w(d).
-4
Let v(n) = n**2 + n. Let y(r) = 6*r**2 - 5*r + 9. Let u(w) = -5*v(w) + y(w). Calculate u(6).
-15
Let p(l) = 398*l + l**2 - 392*l - 2*l**2 - 1. Calculate p(6).
-1
Let y = 55 + -51. Let q(w) = 1 + 5 - 3*w + 0. What is q(y)?
-6
Let a(g) be the second derivative of -g**5/20 + 3*g**4/4 - g**3/6 + 13*g**2/2 - 3*g. Let w be a(9). Let f(q) = 2 + 2*q + 5*q**2 + 1 - w*q**2. What is f(-2)?
3
Let h(q) = q**3 + 2*q**2 - 4*q + 1. Suppose y + 3*a - 4 = 2, 2*y - 3*a = 3. Suppose -k = -5*f + 28, 4*f + 0*k - 22 = k. Let w = y - f. Calculate h(w).
4
Let w(i) = -i**2 + 6*i - 2. Let h(s) = -s**2 + 6*s - 2. Let n(c) = -2*h(c) + 3*w(c). Give n(4).
6
Let i(k) be the first derivative of -k**2 + 2*k + 15. Let c = -1 - 2. What is i(c)?
8
Let c be (3/(-6))/(1/(-8)). Suppose -4*z + c = t, -20 = -5*t - z - 2*z. Let j(m) = t*m**2 - 3*m**3 + 2 + m + 4*m**3 + 0*m. Calculate j(-4).
-2
Let t(b) = b**3 + 3*b**2 - 6*b + 1. Let j(q) = q**3 - 11*q**2 + 10*q - 5. Let l be j(10). What is t(l)?
-19
Let y(k) = -k**2 + 5*k - 1. Suppose q = 2*l - 11, -q - l + 4 = -0*l. Let x be (2 + -1)/q + -6. Let o = 11 + x. Determine y(o).
3
S